{"id":972,"date":"2026-01-02T14:47:08","date_gmt":"2026-01-02T14:47:08","guid":{"rendered":"https:\/\/rebpasres.org\/?page_id=972"},"modified":"2026-04-22T15:14:26","modified_gmt":"2026-04-22T15:14:26","slug":"reb-pasres-n13_101-2026","status":"publish","type":"page","link":"https:\/\/rebpasres.org\/?page_id=972","title":{"rendered":"REB PASRES N\u00b013_10(1)-2026"},"content":{"rendered":"\r\n\r\n&nbsp;\r\n<table class=\"wp-block-table aligncenter is-style-regular\" style=\"height: 637px\" width=\"912\">\r\n<tbody>\r\n<tr>\r\n<td>Ordre<\/td>\r\n<td>Titre<\/td>\r\n<td>Auteurs<\/td>\r\n<td>Pages<\/td>\r\n<td>Fichiers<\/td>\r\n<\/tr>\r\n<tr>\r\n<td><\/td>\r\n<td>REB-PASRES 10-1-2026<\/td>\r\n<td>PASRES<\/td>\r\n<td><\/td>\r\n<td><a href=\"https:\/\/rebpasres.org\/wp-content\/uploads\/2026\/04\/REB-PASRES-N\u00b0013_101.pdf\">PDF<\/a><\/td>\r\n<\/tr>\r\n<tr>\r\n<td>01<\/td>\r\n<td>Analyse de la r\u00e9partition potentielle de l\u2019ulc\u00e8re de Buruli en fonction des facteurs environnementaux en C\u00f4te d\u2019Ivoire<\/td>\r\n<td>Kouyat\u00e9 D \u00b7 Ehouman E \u00b7 Agodio E \u00b7 Ouattara DN \u00b7 Yao AC \u00b7 Bakayoko A \u00b7 Kon\u00e9 MW<\/td>\r\n<td>1<\/td>\r\n<td><a href=\"https:\/\/rebpasres.org\/wp-content\/uploads\/2026\/04\/REB-PASRES-N\u00b0013_101_Kouyate-D-et-al.pdf\">PDF<\/a><\/td>\r\n<\/tr>\r\n<tr>\r\n<td>02<\/td>\r\n<td>Dynamique spatio-temporelle de la mangrove de la commune de Coubalan de 1984 \u00e0 2024.<\/td>\r\n<td>Faye PD \u00b7 Diop AB \u00b7 Diop S \u00b7 Ly A \u00b7 Ka A \u00b7 Ciss\u00e9 O \u00b7 Yattara F \u00b7 Kavainda OM \u00b7 Kabeya CK<\/td>\r\n<td>17<\/td>\r\n<td><a href=\"https:\/\/rebpasres.org\/wp-content\/uploads\/2026\/04\/REB-PASRES-N\u00b0013_101_Diop-AB-et-al.pdf\">PDF<\/a><\/td>\r\n<\/tr>\r\n<tr>\r\n<td>03<\/td>\r\n<td>Caract\u00e9risation chimique d\u2019un biochar de r\u00e9sidus de r\u00e9colte de riz destin\u00e9 \u00e0 l\u2019amendement des sols en C\u00f4te d\u2019Ivoire.<\/td>\r\n<td>Bakayoko S \u00b7 Nahoua CS \u00b7 Kon\u00e9 B \u00b7 Emile BB<\/td>\r\n<td>28<\/td>\r\n<td><a href=\"https:\/\/rebpasres.org\/wp-content\/uploads\/2026\/04\/REB-PASRES-N\u00b0013_101_Bakayoko-S-et-al.pdf\">PDF<\/a><\/td>\r\n<\/tr>\r\n<tr>\r\n<td>04<\/td>\r\n<td>Perception des producteurs face au changement climatique dans la fili\u00e8re anacarde : analyse comparative dans quatre d\u00e9partements du Nord de la C\u00f4te d\u2019Ivoire<\/td>\r\n<td>Ciss\u00e9 M \u00b7 Sopie VEA \u00b7 Kouassi KNN \u00b7 Ti\u00e9br\u00e9 MS<\/td>\r\n<td>37<\/td>\r\n<td><a href=\"https:\/\/rebpasres.org\/wp-content\/uploads\/2026\/04\/REB-PASRES-N\u00b0013_101_Cisse-M-et-al.pdf\">PDF<\/a><\/td>\r\n<\/tr>\r\n<tr>\r\n<td>05<\/td>\r\n<td>Population dynamics of Trichiurus lepturus (Linnaeus 1758) from the coast of Ghana.<\/td>\r\n<td>Amponsah SKK<\/td>\r\n<td>48<\/td>\r\n<td><a href=\"https:\/\/rebpasres.org\/wp-content\/uploads\/2026\/04\/REB-PASRES-N\u00b0013_101_Amponsah-SKK.pdf\">PDF<\/a><\/td>\r\n<\/tr>\r\n<tr>\r\n<td>06<\/td>\r\n<td>Apport des algorithmes de GRASS GIS et l&rsquo;images satellites Landfsat pour le calcul et la visualisation des indices de v\u00e9g\u00e9tation.<\/td>\r\n<td>Polina L<\/td>\r\n<td>57<\/td>\r\n<td><a href=\"https:\/\/rebpasres.org\/wp-content\/uploads\/2026\/04\/REB-PASRES-N\u00b0013_101_Lemenkova-P.pdf\">PDF<\/a><\/td>\r\n<\/tr>\r\n<tr>\r\n<td>07<\/td>\r\n<td>Dynamique du peuplement des micro-algues du bassin du fleuve Bandama (C\u00f4te d\u2019Ivoire).<\/td>\r\n<td>Lozo RN \u00b7 Bert\u00e9v S \u00b7 N\u2019guessan KR \u00b7 Konan YA \u00b7 Kouamelan EP<\/td>\r\n<td>76<\/td>\r\n<td><a href=\"https:\/\/rebpasres.org\/wp-content\/uploads\/2026\/04\/REB-PASRES-N\u00b0013_101_Lozo-RN-et-al.pdf\">PDF<\/a><\/td>\r\n<\/tr>\r\n<tr>\r\n<td>08<\/td>\r\n<td>Pr\u00e9f\u00e9rence de microhabitat, cohabitation intersp\u00e9cifique et effet du parasitisme sur le facteur de condition de Heterobranchus bidorsalis Geoffroy Saint-Hilaire, 1809 infest\u00e9 par trois Quadriacanthus dans la rivi\u00e8re Bagou\u00e9 (C\u00f4te d\u2019Ivoire).<\/td>\r\n<td>Bouah EF \u00b7 Kouadio ARE \u00b7 Coulibaly F \u00b7 Blahoua KG \u00b7 Konan YA \u00b7 N\u2019douba V<\/td>\r\n<td>87<\/td>\r\n<td><a href=\"https:\/\/rebpasres.org\/wp-content\/uploads\/2026\/04\/REB-PASRES-N\u00b0013_101_Bouah-EF-et-al.pdf\">PDF<\/a><\/td>\r\n<\/tr>\r\n<\/tbody>\r\n<\/table>","protected":false},"excerpt":{"rendered":"<p>&nbsp; Ordre Titre Auteurs Pages Fichiers REB-PASRES 10-1-2026 PASRES PDF 01 Analyse de la r\u00e9partition potentielle de l\u2019ulc\u00e8re de Buruli en fonction des facteurs environnementaux en C\u00f4te d\u2019Ivoire Kouyat\u00e9 D \u00b7 Ehouman E \u00b7 Agodio E \u00b7 Ouattara DN \u00b7 Yao AC \u00b7 Bakayoko A \u00b7 Kon\u00e9 MW 1 PDF 02 Dynamique spatio-temporelle de la [&hellip;]<\/p>\n","protected":false},"author":6,"featured_media":0,"parent":0,"menu_order":0,"comment_status":"closed","ping_status":"closed","template":"","meta":{"_bbp_topic_count":0,"_bbp_reply_count":0,"_bbp_total_topic_count":0,"_bbp_total_reply_count":0,"_bbp_voice_count":0,"_bbp_anonymous_reply_count":0,"_bbp_topic_count_hidden":0,"_bbp_reply_count_hidden":0,"_bbp_forum_subforum_count":0},"blog_post_layout_featured_media_urls":{"thumbnail":"","full":""},"categories_names":null,"comments_number":"0","wpmagazine_modules_lite_featured_media_urls":{"thumbnail":"","cvmm-medium":"","cvmm-medium-plus":"","cvmm-portrait":"","cvmm-medium-square":"","cvmm-large":"","cvmm-small":"","full":""},"_links":{"self":[{"href":"https:\/\/rebpasres.org\/index.php?rest_route=\/wp\/v2\/pages\/972"}],"collection":[{"href":"https:\/\/rebpasres.org\/index.php?rest_route=\/wp\/v2\/pages"}],"about":[{"href":"https:\/\/rebpasres.org\/index.php?rest_route=\/wp\/v2\/types\/page"}],"author":[{"embeddable":true,"href":"https:\/\/rebpasres.org\/index.php?rest_route=\/wp\/v2\/users\/6"}],"replies":[{"embeddable":true,"href":"https:\/\/rebpasres.org\/index.php?rest_route=%2Fwp%2Fv2%2Fcomments&post=972"}],"version-history":[{"count":1,"href":"https:\/\/rebpasres.org\/index.php?rest_route=\/wp\/v2\/pages\/972\/revisions"}],"predecessor-version":[{"id":973,"href":"https:\/\/rebpasres.org\/index.php?rest_route=\/wp\/v2\/pages\/972\/revisions\/973"}],"wp:attachment":[{"href":"https:\/\/rebpasres.org\/index.php?rest_route=%2Fwp%2Fv2%2Fmedia&parent=972"}],"curies":[{"name":"wp","href":"https:\/\/api.w.org\/{rel}","templated":true}]}}